v(27)?
1
Let x(g) = -g**2 - g - 9. Determine x(0).
-9
Let y(n) = -n**2 - 16*n - 11. Determine y(-14).
17
Let j(x) = -12*x**2 - 2*x + 8. Determine j(2).
-44
Let m(x) = -19*x. Calculate m(-3).
57
Let y(h) = -h**2 - 20*h - 78. Calculate y(-14).
6
Let l(n) = n**2 - 6*n + 9. Calculate l(6).
9
Let m(f) = 44*f - 89. Calculate m(2).
-1
Let v(g) = 2*g**3 + 97*g**2 - 50*g - 58. Give v(-49).
-9
Let v(k) = -2*k + 4. Calculate v(8).
-12
Let v(t) = 47*t - 2. What is v(1)?
45
Let m(z) = -12*z - 2. Calculate m(0).
-2
Let u(l) = 34*l - 1. Calculate u(-1).
-35
Let m(z) = -8*z**3 - 5*z**2 + 2. What is m(1)?
-11
Let j(q) = q**2 - 4*q - 8. Determine j(6).
4
Let x(f) = -f**3 - 8*f**2 - 4*f + 16. Give x(-7).
-5
Let t(o) = -6*o**2 - 43*o - 6. Give t(-7).
1
Let z(h) = h + 13. Calculate z(6).
19
Let j(h) = -h**3 + 9*h**2 + 7*h + 3. Determine j(10).
-27
Let c(d) = 7*d - 1. Give c(-2).
-15
Let p(t) = 2*t + 13. What is p(6)?
25
Let u(b) = -2*b**3 + b. What is u(1)?
-1
Let w(x) = 4*x**2 - 2*x - 22. Calculate w(7).
160
Let w(h) = 6*h**2 + h + 2. Determine w(-1).
7
Let i(h) = 11*h**2 + 2*h + 3. Calculate i(-2).
43
Let k(m) = m**2 + 6*m - 3. Calculate k(-5).
-8
Let w(p) = -5*p - 4. Determine w(6).
-34
Let a(s) = -s - 11. Calculate a(-4).
-7
Let h(v) = -2*v + 3. Determine h(2).
-1
Let h(p) = p**3 - p**2 - 5*p + 1. What is h(-4)?
-59
Let l(k) = -17*k**3 - k**2 + 3*k - 2. Calculate l(1).
-17
Let c(q) = -2*q + 56. Calculate c(9).
38
Let s(q) = -2*q - 82. Calculate s(-21).
-40
Let m(r) = r**3 - 7*r**2 + 10*r + 6. Determine m(5).
6
Let w(c) = -2*c**3 - 3*c**2 + 3. Determine w(-3).
30
Let n(c) = -6*c - 3. Give n(-1).
3
Let i(m) = 19*m - 250. What is i(14)?
16
Let v(u) = 4*u**3 + u**2 - 2*u + 1. What is v(3)?
112
Let r(s) = -9*s + 57. Calculate r(8).
-15
Let u(z) = -2*z**2 - 17*z + 9. What is u(-8)?
17
Let w(x) = 3*x**2 - 30*x + 20. Calculate w(9).
-7
Let u(i) = 2*i**3 - 14*i**2 + 12*i - 7. Give u(6).
-7
Let r(o) = 9*o**3 + 6*o - 6. Calculate r(1).
9
Let r(o) = 2*o**2 - 8*o + 6. Give r(6).
30
Let r(f) = f + 2. What is r(0)?
2
Let b(g) = 5*g**2 + 1. Calculate b(2).
21
Let x(n) = n**3 - 5*n**2 - 7*n + 9. Give x(6).
3
Let p(v) = v**3 - v**2 - 3*v + 5. Determine p(4).
41
Let a(u) = -u**2 - 27*u - 123. What is a(-7)?
17
Let d(f) = 2*f + 11. Calculate d(-4).
3
Let v(c) = c**2 + 5*c - 95. What is v(-13)?
9
Let k(a) = 2*a**3 + 48*a**2 - 3*a + 25. Give k(-24).
97
Let l(x) = x**3 - 19*x**2 + 20*x - 8. Calculate l(18).
28
Let y(r) = r**2 - 3*r + 4. Calculate y(4).
8
Let c(u) = -2*u**2 + 56*u - 54. What is c(27)?
0
Let b(s) = -36*s + 242. What is b(7)?
-10
Let p(c) = -c**2 - 15*c - 44. Give p(-6).
10
Let k(r) = r**2 + 11*r + 7. What is k(-7)?
-21
Let r(o) = 6*o - 39. Give r(0).
-39
Let b(d) = d**3 + 13*d**2 + 13*d - 20. Determine b(-12).
-32
Let m(v) = v**3 - 13*v**2 - 2*v - 25. Give m(13).
-51
Let w(i) = -i**2 + 9*i - 7. Determine w(7).
7
Let n(u) = u**3 + u**2 - u + 24. Give n(0).
24
Let t(h) = -211*h + 1475. Give t(7).
-2
Let f(z) = z**2 - 4*z - 1. What is f(4)?
-1
Let d(w) = w**3 - 23*w**2 - 25*w + 35. Give d(24).
11
Let i(a) = a**3 + 15*a**2 + 13*a - 13. Give i(-14).
1
Let f(h) = h**2 + 10*h + 23. Give f(-6).
-1
Let d(s) = -s**2 + 6*s + 6. Give d(-6).
-66
Let h(l) = l + 26. What is h(-3)?
23
Let f(u) = u**3 - 5*u**2 + 5*u - 1. Determine f(5).
24
Let o(a) = a - 13. Calculate o(19).
6
Let u(r) = -r**2 + 2*r + 11. What is u(5)?
-4
Let k(z) = -z**3 + 45*z**2 - 85*z - 36. Determine k(43).
7
Let f(k) = 2*k**3 + 37*k**2 + 20*k - 10. What is f(-18)?
-46
Let f(l) = l - 16. Give f(6).
-10
Let d(o) = o**3 - 14*o**2 + 14*o - 17. What is d(13)?
-4
Let h(n) = -n**3 + 16*n**2 + 3*n - 56. What is h(16)?
-8
Let i(n) = -n**2 + 6*n + 10. Determine i(-4).
-30
Let g(i) = 2*i**2 + 3*i - 4. Determine g(-3).
5
Let w(d) = d**2 - 10*d - 10. Determine w(14).
46
Let w(n) = 4*n**3 + 3*n**2 + 2*n. Calculate w(-2).
-24
Let h(k) = k**3 - 32*k**2 - 36*k + 120. Calculate h(33).
21
Let p(f) = 6*f**2 - 43*f + 38. Give p(6).
-4
Let h(j) = -8*j - 5. Determine h(1).
-13
Let s(k) = 2*k**2 - k + 1. Determine s(-2).
11
Let f(q) = -q**3 - 8*q**2 - 13*q - 21. What is f(-6)?
-15
Let l(z) = -2*z + 43. Determine l(10).
23
Let p(h) = h**2 + 11*h + 26. What is p(-4)?
-2
Let p(y) = -61*y - 1. What is p(1)?
-62
Let z(y) = -y**3 + 32*y**2 - 61*y + 32. What is z(30)?
2
Let y(d) = 7*d. Give y(4).
28
Let y(t) = 15*t**2 + 3*t + 1. What is y(-1)?
13
Let x(f) = -f**2 - 2*f - 2. Calculate x(-3).
-5
Let n(o) = o**3 - 19*o**2 + 17*o - 19. Determine n(18).
-37
Let m(y) = -y**2 + 19*y + 85. Calculate m(23).
-7
Let k(v) = v**3 + v**2 - 15*v + 6. Calculate k(4).
26
Let c(p) = -113*p - 559. Determine c(-5).
6
Let g(f) = f**3 + 17*f**2 + 19*f + 45. Determine g(-16).
-3
Let o(z) = 2*z**2 - 67*z + 47. Give o(33).
14
Let c(b) = -2*b**3 + 2*b**2 - 4*b + 7. Calculate c(3).
-41
Let l(c) = -38*c + 8. Calculate l(-3).
122
Let c(w) = 2*w**2 - 7*w - 1. Give c(5).
14
Let t(z) = -z**3 - 10*z**2 - 10*z - 11. Determine t(-9).
-2
Let o(h) = h + 70. Calculate o(-27).
43
Let r(l) = -3*l**2 - 199*l + 149. What is r(-67)?
15
Let m(s) = -s**2 + 5*s + 1. Calculate m(6).
-5
Let g(z) = -4*z**2 + 28*z - 3. Determine g(6).
21
Let k(w) = w**3 + w**2 - 9*w - 9. Determine k(-2).
5
Let p(v) = 3*v**3 - 3*v**2 - 2*v - 1. Give p(2).
7
Let r(h) = -4*h**2 - 32*h - 15. What is r(-8)?
-15
Let r(x) = -4*x - 23. Determine r(-9).
13
Let v(f) = -f**2 + 5*f + 9. What is v(8)?
-15
Let r(v) = v**2 + 4*v - 2. Determine r(-5).
3
Let t(j) = 2*j**2 + 27*j + 23. Give t(-12).
-13
Let v(u) = 6*u + 6. What is v(-3)?
-12
Let n(a) = -90*a + 640. What is n(7)?
10
Let m(z) = -z**3 + 4*z**2 + 9*z - 12. Determine m(5).
8
Let b(g) = -3*g**2 - 96*g - 35. Determine b(-32).
-35
Let i(l) = 5*l + 25. Determine i(-7).
-10
Let i(a) = -a**3 + 11*a**2 + 13*a + 7. Give i(12).
19
Let z(h) = -h**3 + 5*h**2 + 10*h + 1. Give z(7).
-27
Let h(a) = -a**3 - 31*a**2 - 27*a + 84. Calculate h(-30).
-6
Let f(d) = d**2 + 6*d + 10. Give f(-6).
10
Let m(c) = c**2 + 3*c + 13. What is m(0)?
13
Let v(y) = -16*y**2 + 1. Determine v(1).
-15
Let d(k) = -k**3 - 5*k**2 - 2*k - 2. Calculate d(-4).
-10
Let a(v) = -v - 2. Determine a(-4).
2
Let a(g) = -g**2 + 51*g - 37. What is a(50)?
13
Let h(l) = 3*l**3 - 2*l**2 - 3*l + 3. Give h(2).
13
Let m(v) = 42*v**2 + 2*v - 1. Calculate m(1).
43
Let x(v) = -3*v**2 - 54*v + 57. What is x(-19)?
0
Let b(p) = p**3 + 7*p**2 - 14*p - 39. What is b(-8)?
9
Let n(c) = -c**2 - 6*c + 23. What is n(-10)?
-17
Let t(n) = n**2 + 13. Give t(0).
13
Let t(c) = c**2 - 5*c - 11. Determine t(6).
-5
Let l(q) = -2*q + 31. Determine l(7).
17
Let n(d) = 3*d**2 - 21*d + 37. Determine n(5).
7
Let j(f) = f**3 - 8*f**2 - 9*f + 1. Calculate j(9).
1
Let w(b) = b**3 - b**2 - 21*b - 2. Calculate w(-4).
2
Let y(v) = -v + 66. Determine y(11).
55
Let j(v) = 51*v - 210. Give j(4).
-6
Let l(i) = 2*i**2 - 10*i - 6. What is l(9)?
66
Let a(b) = b**3 - 4*b**2 - 7. Determine a(5).
18
Let b(r) = 2*r + 21. Determine b(-36).
-51
Let a(c) = -4*c - 12. What is a(-4)?
4
Let g(h) = -h**3 - 6*h**2 - h - 1. Give g(0).
-1
Let o(u) = 7*u - 32. Determine o(5).
3
Let l(t) = 6*t - 16. What is l(22)?
116
Let g(h) = -h - 25. Give g(-20).
-5
Let v(c) = 38*c + 4. Calculate v(-1).
-34
Let o(v) = -3*v + 2. Determine o(5).
-13
Let j(y) = -14*y + 2. What is j(-1)?
16
Let p(r) = r**2 - 5*r - 8. What is p(8)?
16
Let k(g) = g**3 - g**2 - 7. Determine k(0).
-7
Let c(q) = q**2 + q + 23. Determine c(0).
23
Let b(h) = -h**2 + 15*h + 34. Calculate b(17).
0
Let r(x) = -2*x**3 + 22*x**2 - 22*x + 25. Calculate r(10).
5
Let x(v) = -31*v**3 + 1. Calculate x(1).
-30
Let z(t) = -9*t - 9. What is z(-6)?
45
Let t(j) = j**3 + 7*j**2 - 30*j + 3. Determine t(-10).
3
Let i(x) = 2*x - 16. Determine i(9).
2
Let t(r) = -r - 57. What is t(-9)?
-48
Let k(l) = -l**3 + 11*l**2 + l - 4. Give k(11).
7
Let j(d) = 7*d + 86. What is j(-14)?
-12
Let z(u) = -u**2 + 12*u - 6. Give z(11).
5
Let n(x) = 106*x**2 + 318*x - 3. Determine n(-3).
-3
Let d(q) = 12*q**3 + q**2 + 3*q + 3. Calculate d(-1).
-11
Let a(m) = 60*m - 51. Determine a(2).
69
Let m(y) = -y + 17. Give m(17).
0
Let r(i) = 19*i**2 - 2*i + 2. Determine r(2).
74
Let q(u) = -11*u - 38. What is q(-4)?
6
Let b(w) = -w**2 - 12*w - 1. Determine b(-10).
19
Let i(c) = -c**2 - 3*c + 13. Give i(-3).
13
Let d(w) = -4*w + 5. Calculate d(3).
-7
Let j(g) =